440314
-39893 (base 11) to base 6
-1115432
Convert -42b829 (base 16) to base 3.
-22020010222020
-3162133 (base 9) to base 2
-110011101101001100011
31b334 (base 15) to base 11
1377074
Convert -2063021 (base 9) to base 16.
-10da46
What is -2aa87 (base 14) in base 4?
-121331233
What is -1310145 (base 6) in base 16?
-116b1
Convert -170038 (base 9) to base 3.
-12100001022
What is 20323331022 (base 4) in base 15?
314220
Convert 14773013 (base 8) to base 3.
20102000020002
What is -486297 (base 10) in base 15?
-9914c
165b3a (base 15) to base 3
2000222221201
Convert 412411 (base 6) to base 11.
22865
What is 8aa660 (base 13) in base 15?
44b861
What is 3a850 (base 12) in base 11?
556a4
Convert c5bd (base 15) to base 8.
121513
Convert 1423221433 (base 5) to base 7.
43450261
-b8422 (base 14) to base 4
-1230232132
Convert 423119 (base 12) to base 3.
1221221120010
-6db445 (base 14) to base 7
-43636315
What is 7bc9b (base 13) in base 9?
374318
21260 (base 7) to base 16
14a5
Convert cf04d (base 16) to base 3.
1121002011112
15002211 (base 7) to base 2
101011000110111100100
-447b8 (base 14) to base 15
-34384
What is -4124722 (base 8) in base 4?
-10022213102
Convert -200120122 (base 3) to base 11.
-a1a3
Convert 2112120020 (base 5) to base 16.
434d0b
Convert 2b93c4 (base 13) to base 4.
10012333031
What is -44002 (base 10) in base 16?
-abe2
Convert -2136577 (base 8) to base 14.
-10ca63
10063361 (base 7) to base 3
1120122010022
Convert 603756a (base 11) to base 14.
15c147d
What is -59523 (base 14) in base 7?
-1564643
What is 33302243 (base 5) in base 9?
483085
What is 10a2cb (base 13) in base 16?
60228
Convert 126244 (base 8) to base 15.
d166
-2dc3a5 (base 15) to base 2
-1000011101100011011101
What is -2101011002122 (base 3) in base 8?
-4642153
-35f1c (base 16) to base 5
-24032311
Convert 1111101101001110 (base 2) to base 14.
19634
Convert 14230111 (base 7) to base 5.
320210023
Convert 626012 (base 8) to base 14.
55a8a
What is 32440245 (base 8) in base 7?
113121233
57820 (base 11) to base 4
110120320
-260e4 (base 15) to base 3
-20011221221
Convert 166014 (base 7) to base 4.
20020002
-228a3b1 (base 12) to base 4
-121120112311
-4c4069 (base 15) to base 3
-20212212122200
What is 1001111111111100010110 (base 2) in base 13?
70a113
What is -1a1657 (base 12) in base 11?
-293818
1311220312 (base 4) to base 5
110404341
What is 28b5ab (base 12) in base 2?
10100110110110010011
Convert 2b7638 (base 12) to base 9.
1345348
What is -31434320 (base 5) in base 4?
-1000230000
Convert 8aba (base 13) to base 14.
7111
-272c8c (base 15) to base 9
-3478526
-702363 (base 11) to base 6
-40121323
Convert -12001000210 (base 3) to base 8.
-301535
2278474 (base 9) to base 7
13324063
What is 268153 (base 9) in base 4?
213321201
Convert 10332210 (base 5) to base 12.
43a94
What is -110010122200010 (base 3) in base 5?
-3122333343
What is -46641a (base 11) in base 9?
-1347743
Convert c6c1 (base 14) to base 9.
52011
What is -625203 (base 10) in base 5?
-130001303
-79089 (base 13) to base 3
-102011112020
Convert -100101110000101011 (base 2) to base 9.
-255142
Convert -21b09 (base 13) to base 8.
-167403
Convert 6177574 (base 8) to base 9.
3066247
3211271 (base 10) to base 6
152454555
What is 40345251 (base 6) in base 16?
1189ff
80b7b (base 12) to base 5
20330232
What is 1436776 (base 8) in base 12?
1788a6
What is -433430433 (base 5) in base 11?
-105a142
23877 (base 11) to base 3
1202002101
Convert -110111110011011111 (base 2) to base 7.
-1641254
What is 323121213 (base 4) in base 11?
156885
What is -10101110011101110 (base 2) in base 9?
-145471
What is -15400141 (base 6) in base 11?
-342002
Convert 12201121222 (base 3) to base 10.
112724
48d91 (base 15) to base 5
24420221
Convert -6215652 (base 7) to base 16.
-b5a13
What is -1b3d0 (base 15) in base 16?
-15a2c
Convert 3877506 (base 9) to base 11.
1217447
14a2496 (base 11) to base 9
4740083
-50424c (base 14) to base 6
-133514324
What is 10121000220 (base 3) in base 9?
117026
6921164 (base 10) to base 16
699bcc
Convert -115958 (base 10) to base 13.
-40a1b
What is 837801 (base 10) in base 11?
5224a8
What is 53332532 (base 6) in base 9?
2848172
-1208154 (base 10) to base 5
-302130104
What is -851c1 (base 13) in base 15?
-4b0b9
-11f31d8 (base 16) to base 14
-26dd276
-2b0055 (base 12) to base 15
-e50d5
Convert -3dac (base 14) to base 11.
-8239
What is -268807 (base 13) in base 2?
-11100011110000010111
-1733cb0 (base 13) to base 16
-72c031
Convert -435367 (base 8) to base 3.
-21102111121
-23b (base 16) to base 4
-20323
Convert -109808 (base 12) to base 16.
-40d48
18acc5 (base 13) to base 2
10011000010101000100
-2b941 (base 14) to base 11
-74853
What is 11001100000100110 (base 2) in base 15?
20e5b
What is -89371 (base 13) in base 8?
-746034
What is -1111000100010110000001 (base 2) in base 16?
-3c4581
-1224403 (base 5) to base 3
-1012112211
1915b (base 15) to base 10
81311
Convert 3a175 (base 13) to base 16.
1a58e
What is -30040241 (base 6) in base 12?
-349081
-121331050 (base 7) to base 16
-73c6d2
22530502 (base 6) to base 10
696134
Convert -11639432 (base 10) to base 16.
-b19a88
What is -74758 (base 11) in base 12?
-52b01
What is 1022122110010222 (base 3) in base 14?
2731a7b
What is -11000111011010010000 (base 2) in base 11?
-508731
What is -3011400121 (base 5) in base 13?
-130b4a0
Convert -267a7a (base 12) to base 4.
-2123030332
Convert 32152053 (base 6) to base 5.
220312331
What is 11987a (base 13) in base 5?
101433310
-11011100110001011101001 (base 2) to base 15
-97d756
-111011001001001000 (base 2) to base 5
-30222443
222020202021 (base 3) to base 7
4251232
-383b501 (base 12) to base 6
-1032231201
Convert 1240112 (base 8) to base 6.
11213122
-8205692 (base 10) to base 13
-1913c51
What is -403604 (base 7) in base 4?
-100233023
What is 12224 (base 14) in base 11?
30339
What is 122411 (base 6) in base 12?
6407
What is 16124553 (base 7) in base 16?
17b13d
What is -1107171 (base 11) in base 13?
-52ccb6
What is -1365699 (base 14) in base 2?
-100011110100000111110111
What is 75862 (base 10) in base 15?
17727
Convert 405232 (base 6) to base 15.
986b
Convert 334213030 (base 5) to base 13.
3c8aa8
Convert 32210604 (base 8) to base 13.
1571222
What is -111001001101010111110000 (base 2) in base 6?
-1253234240
8423773 (base 10) to base 8
40104535
Convert -21201012222 (base 3) to base 10.
-151793
Convert 2431164 (base 7) to base 14.
8106b
Convert -4011 (base 16) to base 11.
-11360
Convert -383298 (base 11) to base 14.
-11a4b5
What is 1202002302 (base 4) in base 10?
401586
Convert 10222220120120 (base 3) to base 6.
113305153
Convert 1396d5 (base 15) to base 9.
1686712
What is 53000 (base 11) in base 12?
38812
-1684445 (base 13) to base 5
-3331330301
What is 4959a8 (base 11) in base 2?
10111111010111011011
Convert 9a279 (base 11) to base 3.
21101110110
283723 (base 10) to base 7
2261116
What is -360425 (base 10) in base 9?
-608362
Convert 97698 (base 10) to base 4.
113312202
What is -3246330 (base 8) in base 3?
-1122021122222
Convert -190700 (base 10) to base 6.
-4030512
-10051002 (base 7) to base 5
-203222033
Convert -631725 (base 9) to base 6.
-12013252
-565d (base 15) to base 13
-8449
What is 12442132 (base 6) in base 13?
114824
What is -2110002301 (base 5) in base 10?
-4375326
What is -3893763 (base 11) in base 2?
-11001101101011100111001
What is -43c7ab (base 13) in base 4?
-12012101033
Convert -130113201 (base 4) to base 15.
-24663
Convert 110c05 (base 13) to base 7.
3262453
What is -10978ac (base 13) in base 14?
-96ac1d
Convert 79694 (base 15) to base 16.
5e4bf
Convert 1233113033 (base 4) to base 16.
6f5cf
What is -10022113001 (base 4) in base 8?
-4122701
44024334 (base 7) to base 3
21002120222220
Convert 11011111110011001 (base 2) to base 3.
12211011220
Convert 32333112 (base 4) to base 5.
3431043
Convert -622777 (base 10) to base 7.
-5202451
-2a39a9 (base 16) to base 7
-32343565
-443059 (base 14) to base 3
-11100112012201
2302234 (base 5) to base 4
21333300
What is -3202020212 (base 4) in base 10?
-926246
Convert -56258 (base 10) to base 6.
-1112242
1336646 (base 7) to base 14
48a5d
What is 16181406 (base 9) in base 10?
8084211
Convert 4155333 (base 6) to base 3.
101021012210
-18014347 (base 9) to base 14
-12b6028
What is -1512452210 (base 6) in base 16?
-1203